{"id":1168,"date":"2023-12-16T16:46:55","date_gmt":"2023-12-16T13:46:55","guid":{"rendered":"https:\/\/pintest.com.tr\/?page_id=1168"},"modified":"2023-12-16T16:46:55","modified_gmt":"2023-12-16T13:46:55","slug":"yalitim-izolasyon-direnci-olcumu","status":"publish","type":"page","link":"https:\/\/pintest.com.tr\/index.php\/yalitim-izolasyon-direnci-olcumu\/","title":{"rendered":"YALITIM (\u0130ZOLASYON) D\u0130RENC\u0130 \u00d6L\u00c7\u00dcM\u00dc"},"content":{"rendered":"<p>Yal\u0131t\u0131m direnci \u00f6l\u00e7\u00fcm\u00fc, Pintest Uygunluk De\u011ferlendirme Kurulu\u015fu olarak taraf\u0131m\u0131zca yap\u0131lmaktad\u0131r.<\/p>\n<p>Elektrik tesislerinde yal\u0131t\u0131m, herhangi bir yal\u0131t\u0131m malzemesi kullan\u0131larak enerji ak\u0131\u015f\u0131n\u0131n k\u0131s\u0131tlanmas\u0131d\u0131r. Bir \u00e7al\u0131\u015fma ortam\u0131nda gerilim bulunan b\u00f6l\u00fcmler ile bulunmayan b\u00f6l\u00fcmler aras\u0131nda yal\u0131t\u0131m sa\u011flanmal\u0131d\u0131r. Aksi takdirde enerji bulunmamas\u0131 gereken temaslarda enerji bulunur. Yal\u0131t\u0131m\u0131n sa\u011flanmas\u0131 can ve mal g\u00fcvenli\u011fi a\u00e7\u0131s\u0131ndan \u00e7ok \u00f6nemlidir. Yal\u0131t\u0131m testleri temel olarak dieletrik izolasyon g\u00fc\u00e7 testi ve y\u00fcksek gerilim izolasyon testi olarak iki kategoriye ayr\u0131labilir. Y\u00fcksek gerilim izolasyon testi jenerat\u00f6rler ve trafolarda ger\u00e7ekle\u015ftirilir. Trafonun fazlar\u0131 aralar\u0131nda ve topra\u011fa kar\u015f\u0131 yal\u0131t\u0131mlar\u0131n\u0131n durumu hakk\u0131nda kontrol\u00fc yap\u0131lmaktad\u0131r. Dielektrik izolasyon g\u00fc\u00e7 testi dielektrik malzemeye DC karakterde enerji uygulanarak yap\u0131lmaktad\u0131r. Dielektrik malzemenin maruz kald\u0131\u011f\u0131 ak\u0131m \u00f6l\u00e7\u00fclerek ohm kanunu ile yal\u0131t\u0131m direnci hesaplanm\u0131\u015f olur. Yal\u0131t\u0131m direnci \u00f6l\u00e7\u00fcl\u00fcrken, problar\u0131n temas etti\u011fi noktalar\u0131n do\u011frudan veya dolayl\u0131 olarak enerjisiz olmas\u0131na dikkat edilmelidir. Yal\u0131t\u0131m direnci uygulanan gerilimin de\u011ferinden d\u00fc\u015f\u00fck de\u011ferde olmamal\u0131d\u0131r. \u00d6rnek olarak 750 V DC gerilim uygulanan bir dielektri\u011fin yal\u0131t\u0131m direnci en az 750 \u2126 olmal\u0131d\u0131r.<\/p>\n","protected":false},"excerpt":{"rendered":"<p>Yal\u0131t\u0131m direnci \u00f6l\u00e7\u00fcm\u00fc, Pintest Uygunluk De\u011ferlendirme Kurulu\u015fu olarak taraf\u0131m\u0131zca yap\u0131lmaktad\u0131r. Elektrik tesislerinde yal\u0131t\u0131m, herhangi bir yal\u0131t\u0131m malzemesi kullan\u0131larak enerji ak\u0131\u015f\u0131n\u0131n k\u0131s\u0131tlanmas\u0131d\u0131r. Bir \u00e7al\u0131\u015fma ortam\u0131nda gerilim bulunan b\u00f6l\u00fcmler ile bulunmayan b\u00f6l\u00fcmler aras\u0131nda yal\u0131t\u0131m sa\u011flanmal\u0131d\u0131r. Aksi takdirde enerji bulunmamas\u0131 gereken temaslarda enerji bulunur. Yal\u0131t\u0131m\u0131n sa\u011flanmas\u0131 can ve mal g\u00fcvenli\u011fi a\u00e7\u0131s\u0131ndan \u00e7ok \u00f6nemlidir. Yal\u0131t\u0131m testleri temel olarak dieletrik [&hellip;]<\/p>\n","protected":false},"author":1,"featured_media":0,"parent":0,"menu_order":0,"comment_status":"closed","ping_status":"closed","template":"","meta":{"om_disable_all_campaigns":false,"_monsterinsights_skip_tracking":false,"_monsterinsights_sitenote_active":false,"_monsterinsights_sitenote_note":"","_monsterinsights_sitenote_category":0,"footnotes":""},"class_list":["post-1168","page","type-page","status-publish","hentry"],"aioseo_notices":[],"aioseo_head":"\n\t\t<!-- All in One SEO Pro 4.9.6.2 - aioseo.com -->\n\t<meta name=\"description\" content=\"Yal\u0131t\u0131m direnci \u00f6l\u00e7\u00fcm\u00fc, Pintest Uygunluk De\u011ferlendirme Kurulu\u015fu olarak taraf\u0131m\u0131zca yap\u0131lmaktad\u0131r. Elektrik tesislerinde yal\u0131t\u0131m, herhangi bir yal\u0131t\u0131m malzemesi kullan\u0131larak enerji ak\u0131\u015f\u0131n\u0131n k\u0131s\u0131tlanmas\u0131d\u0131r. Bir \u00e7al\u0131\u015fma ortam\u0131nda gerilim bulunan b\u00f6l\u00fcmler ile bulunmayan b\u00f6l\u00fcmler aras\u0131nda yal\u0131t\u0131m sa\u011flanmal\u0131d\u0131r. Aksi takdirde enerji bulunmamas\u0131 gereken temaslarda enerji bulunur. Yal\u0131t\u0131m\u0131n sa\u011flanmas\u0131 can ve mal g\u00fcvenli\u011fi a\u00e7\u0131s\u0131ndan \u00e7ok \u00f6nemlidir. Yal\u0131t\u0131m testleri temel olarak dieletrik\" \/>\n\t<meta name=\"robots\" content=\"max-image-preview:large\" \/>\n\t<meta name=\"google-site-verification\" content=\"Q4QTclIfGhhdyEzlAb1wftEv3qRfz1KW5mq8eV4NCpQ\" \/>\n\t<link rel=\"canonical\" href=\"https:\/\/pintest.com.tr\/index.php\/yalitim-izolasyon-direnci-olcumu\/\" \/>\n\t<meta name=\"generator\" content=\"All in One SEO Pro (AIOSEO) 4.9.6.2\" \/>\n\t\t<meta property=\"og:locale\" content=\"tr_TR\" \/>\n\t\t<meta property=\"og:site_name\" content=\"Pintest M\u00fchendislik - Uygunluk De\u011ferlendirme Kurulu\u015fu\" \/>\n\t\t<meta property=\"og:type\" content=\"article\" \/>\n\t\t<meta property=\"og:title\" content=\"YALITIM (\u0130ZOLASYON) D\u0130RENC\u0130 \u00d6L\u00c7\u00dcM\u00dc - Pintest M\u00fchendislik\" \/>\n\t\t<meta property=\"og:description\" content=\"Yal\u0131t\u0131m direnci \u00f6l\u00e7\u00fcm\u00fc, Pintest Uygunluk De\u011ferlendirme Kurulu\u015fu olarak taraf\u0131m\u0131zca yap\u0131lmaktad\u0131r. Elektrik tesislerinde yal\u0131t\u0131m, herhangi bir yal\u0131t\u0131m malzemesi kullan\u0131larak enerji ak\u0131\u015f\u0131n\u0131n k\u0131s\u0131tlanmas\u0131d\u0131r. Bir \u00e7al\u0131\u015fma ortam\u0131nda gerilim bulunan b\u00f6l\u00fcmler ile bulunmayan b\u00f6l\u00fcmler aras\u0131nda yal\u0131t\u0131m sa\u011flanmal\u0131d\u0131r. Aksi takdirde enerji bulunmamas\u0131 gereken temaslarda enerji bulunur. Yal\u0131t\u0131m\u0131n sa\u011flanmas\u0131 can ve mal g\u00fcvenli\u011fi a\u00e7\u0131s\u0131ndan \u00e7ok \u00f6nemlidir. Yal\u0131t\u0131m testleri temel olarak dieletrik\" \/>\n\t\t<meta property=\"og:url\" content=\"https:\/\/pintest.com.tr\/index.php\/yalitim-izolasyon-direnci-olcumu\/\" \/>\n\t\t<meta property=\"og:image\" content=\"https:\/\/pintest.com.tr\/wp-content\/uploads\/2023\/12\/cropped-Pintest-Favicon.webp\" \/>\n\t\t<meta property=\"og:image:secure_url\" content=\"https:\/\/pintest.com.tr\/wp-content\/uploads\/2023\/12\/cropped-Pintest-Favicon.webp\" \/>\n\t\t<meta property=\"og:image:width\" content=\"512\" \/>\n\t\t<meta property=\"og:image:height\" content=\"512\" \/>\n\t\t<meta property=\"article:published_time\" content=\"2023-12-16T13:46:55+00:00\" \/>\n\t\t<meta property=\"article:modified_time\" content=\"2023-12-16T13:46:55+00:00\" \/>\n\t\t<meta property=\"article:publisher\" content=\"https:\/\/www.facebook.com\/profile.php?id=61572533822690\" \/>\n\t\t<meta name=\"twitter:card\" content=\"summary_large_image\" \/>\n\t\t<meta name=\"twitter:title\" content=\"YALITIM (\u0130ZOLASYON) D\u0130RENC\u0130 \u00d6L\u00c7\u00dcM\u00dc - Pintest M\u00fchendislik\" \/>\n\t\t<meta name=\"twitter:description\" content=\"Yal\u0131t\u0131m direnci \u00f6l\u00e7\u00fcm\u00fc, Pintest Uygunluk De\u011ferlendirme Kurulu\u015fu olarak taraf\u0131m\u0131zca yap\u0131lmaktad\u0131r. Elektrik tesislerinde yal\u0131t\u0131m, herhangi bir yal\u0131t\u0131m malzemesi kullan\u0131larak enerji ak\u0131\u015f\u0131n\u0131n k\u0131s\u0131tlanmas\u0131d\u0131r. Bir \u00e7al\u0131\u015fma ortam\u0131nda gerilim bulunan b\u00f6l\u00fcmler ile bulunmayan b\u00f6l\u00fcmler aras\u0131nda yal\u0131t\u0131m sa\u011flanmal\u0131d\u0131r. Aksi takdirde enerji bulunmamas\u0131 gereken temaslarda enerji bulunur. Yal\u0131t\u0131m\u0131n sa\u011flanmas\u0131 can ve mal g\u00fcvenli\u011fi a\u00e7\u0131s\u0131ndan \u00e7ok \u00f6nemlidir. Yal\u0131t\u0131m testleri temel olarak dieletrik\" \/>\n\t\t<meta name=\"twitter:image\" content=\"https:\/\/pintest.com.tr\/wp-content\/uploads\/2023\/12\/cropped-Pintest-Favicon.webp\" \/>\n\t\t<script type=\"application\/ld+json\" class=\"aioseo-schema\">\n\t\t\t{\"@context\":\"https:\\\/\\\/schema.org\",\"@graph\":[{\"@type\":\"BreadcrumbList\",\"@id\":\"https:\\\/\\\/pintest.com.tr\\\/index.php\\\/yalitim-izolasyon-direnci-olcumu\\\/#breadcrumblist\",\"itemListElement\":[{\"@type\":\"ListItem\",\"@id\":\"https:\\\/\\\/pintest.com.tr#listItem\",\"position\":2,\"name\":\"Ana sayfa\",\"item\":\"https:\\\/\\\/pintest.com.tr\",\"nextItem\":{\"@type\":\"ListItem\",\"@id\":\"https:\\\/\\\/pintest.com.tr\\\/index.php\\\/yalitim-izolasyon-direnci-olcumu\\\/#listItem\",\"name\":\"YALITIM (\\u0130ZOLASYON) D\\u0130RENC\\u0130 \\u00d6L\\u00c7\\u00dcM\\u00dc\"},\"previousItem\":{\"@type\":\"ListItem\",\"@id\":\"#listItem\",\"name\":\"Pintest\"}},{\"@type\":\"ListItem\",\"@id\":\"https:\\\/\\\/pintest.com.tr\\\/index.php\\\/yalitim-izolasyon-direnci-olcumu\\\/#listItem\",\"position\":3,\"name\":\"YALITIM (\\u0130ZOLASYON) D\\u0130RENC\\u0130 \\u00d6L\\u00c7\\u00dcM\\u00dc\",\"previousItem\":{\"@type\":\"ListItem\",\"@id\":\"https:\\\/\\\/pintest.com.tr#listItem\",\"name\":\"Ana sayfa\"}}]},{\"@type\":\"Organization\",\"@id\":\"https:\\\/\\\/pintest.com.tr\\\/#organization\",\"name\":\"Pintest M\\u00fchendislik P\\u0130NTEST M\\u00dcHEND\\u0130SL\\u0130K\",\"description\":\"Uygunluk De\\u011ferlendirme Kurulu\\u015fu Firmam\\u0131z, i\\u015f d\\u00fcnyas\\u0131na att\\u0131\\u011f\\u0131 ilk ad\\u0131mlarla i\\u015f sa\\u011fl\\u0131\\u011f\\u0131 ve g\\u00fcvenli\\u011fi alan\\u0131nda uzman kadrosuyla \\u00f6nemli bir yer edinmi\\u015ftir. \\u015eirketimiz faaliyette bulundu\\u011fu periyodik kontrol\\\/muayene, Akustik rapor, i\\u015f hijyeni ve \\u00e7evresel g\\u00fcr\\u00fclt\\u00fc \\u00f6l\\u00e7\\u00fcmleri sekt\\u00f6rde rol \\u00fcstlenmektedir. Pintest M\\u00fchendislik olarak, faaliyet g\\u00f6sterdi\\u011fimiz alanda deneyimli kadrolar\\u0131m\\u0131zla beraber kurdu\\u011fumuz g\\u00fcvenilir ili\\u015fkilerimiz \\u00e7er\\u00e7evesinde faaliyetlerimizi verimli bir \\u015fekilde y\\u00fcr\\u00fct\\u00fcyoruz. Tercih edilir olmam\\u0131zdaki en \\u00f6nemli etken donan\\u0131ml\\u0131 ve yetkin insan kayna\\u011f\\u0131m\\u0131zd\\u0131r. \\u0130nsan ya\\u015fam\\u0131n\\u0131n de\\u011ferini benimseyen ve bu do\\u011frultuda sekt\\u00f6rlerde gerekli kontrol ve analizleri ger\\u00e7ekle\\u015ftirerek sa\\u011fl\\u0131kl\\u0131 ve g\\u00fcvenilir \\u00e7al\\u0131\\u015fma ortam\\u0131 olu\\u015fturmay\\u0131 ama\\u00e7l\\u0131yoruz.\",\"url\":\"https:\\\/\\\/pintest.com.tr\\\/\",\"telephone\":\"+905057458845\",\"logo\":{\"@type\":\"ImageObject\",\"url\":\"https:\\\/\\\/pintest.com.tr\\\/wp-content\\\/uploads\\\/2023\\\/12\\\/Pintest-Logo-Ana.png\",\"@id\":\"https:\\\/\\\/pintest.com.tr\\\/index.php\\\/yalitim-izolasyon-direnci-olcumu\\\/#organizationLogo\",\"width\":150,\"height\":113},\"image\":{\"@id\":\"https:\\\/\\\/pintest.com.tr\\\/index.php\\\/yalitim-izolasyon-direnci-olcumu\\\/#organizationLogo\"},\"sameAs\":[\"https:\\\/\\\/www.facebook.com\\\/profile.php?id=61572533822690\",\"https:\\\/\\\/www.instagram.com\\\/pintest.uygunluk.degerlendirme\\\/\",\"https:\\\/\\\/www.linkedin.com\\\/company\\\/101180367\\\/admin\\\/dashboard\\\/\"]},{\"@type\":\"WebPage\",\"@id\":\"https:\\\/\\\/pintest.com.tr\\\/index.php\\\/yalitim-izolasyon-direnci-olcumu\\\/#webpage\",\"url\":\"https:\\\/\\\/pintest.com.tr\\\/index.php\\\/yalitim-izolasyon-direnci-olcumu\\\/\",\"name\":\"YALITIM (\\u0130ZOLASYON) D\\u0130RENC\\u0130 \\u00d6L\\u00c7\\u00dcM\\u00dc - Pintest M\\u00fchendislik\",\"description\":\"Yal\\u0131t\\u0131m direnci \\u00f6l\\u00e7\\u00fcm\\u00fc, Pintest Uygunluk De\\u011ferlendirme Kurulu\\u015fu olarak taraf\\u0131m\\u0131zca yap\\u0131lmaktad\\u0131r. Elektrik tesislerinde yal\\u0131t\\u0131m, herhangi bir yal\\u0131t\\u0131m malzemesi kullan\\u0131larak enerji ak\\u0131\\u015f\\u0131n\\u0131n k\\u0131s\\u0131tlanmas\\u0131d\\u0131r. Bir \\u00e7al\\u0131\\u015fma ortam\\u0131nda gerilim bulunan b\\u00f6l\\u00fcmler ile bulunmayan b\\u00f6l\\u00fcmler aras\\u0131nda yal\\u0131t\\u0131m sa\\u011flanmal\\u0131d\\u0131r. Aksi takdirde enerji bulunmamas\\u0131 gereken temaslarda enerji bulunur. Yal\\u0131t\\u0131m\\u0131n sa\\u011flanmas\\u0131 can ve mal g\\u00fcvenli\\u011fi a\\u00e7\\u0131s\\u0131ndan \\u00e7ok \\u00f6nemlidir. Yal\\u0131t\\u0131m testleri temel olarak dieletrik\",\"inLanguage\":\"tr-TR\",\"isPartOf\":{\"@id\":\"https:\\\/\\\/pintest.com.tr\\\/#website\"},\"breadcrumb\":{\"@id\":\"https:\\\/\\\/pintest.com.tr\\\/index.php\\\/yalitim-izolasyon-direnci-olcumu\\\/#breadcrumblist\"},\"datePublished\":\"2023-12-16T16:46:55+03:00\",\"dateModified\":\"2023-12-16T16:46:55+03:00\"},{\"@type\":\"WebSite\",\"@id\":\"https:\\\/\\\/pintest.com.tr\\\/#website\",\"url\":\"https:\\\/\\\/pintest.com.tr\\\/\",\"name\":\"Pintest M\\u00fchendislik\",\"description\":\"Uygunluk De\\u011ferlendirme Kurulu\\u015fu\",\"inLanguage\":\"tr-TR\",\"publisher\":{\"@id\":\"https:\\\/\\\/pintest.com.tr\\\/#organization\"}}]}\n\t\t<\/script>\n\t\t<!-- All in One SEO Pro -->\r\n\t\t<title>YALITIM (\u0130ZOLASYON) D\u0130RENC\u0130 \u00d6L\u00c7\u00dcM\u00dc - Pintest M\u00fchendislik<\/title>\n\n","aioseo_head_json":{"title":"YALITIM (\u0130ZOLASYON) D\u0130RENC\u0130 \u00d6L\u00c7\u00dcM\u00dc - Pintest M\u00fchendislik","description":"Yal\u0131t\u0131m direnci \u00f6l\u00e7\u00fcm\u00fc, Pintest Uygunluk De\u011ferlendirme Kurulu\u015fu olarak taraf\u0131m\u0131zca yap\u0131lmaktad\u0131r. Elektrik tesislerinde yal\u0131t\u0131m, herhangi bir yal\u0131t\u0131m malzemesi kullan\u0131larak enerji ak\u0131\u015f\u0131n\u0131n k\u0131s\u0131tlanmas\u0131d\u0131r. Bir \u00e7al\u0131\u015fma ortam\u0131nda gerilim bulunan b\u00f6l\u00fcmler ile bulunmayan b\u00f6l\u00fcmler aras\u0131nda yal\u0131t\u0131m sa\u011flanmal\u0131d\u0131r. Aksi takdirde enerji bulunmamas\u0131 gereken temaslarda enerji bulunur. Yal\u0131t\u0131m\u0131n sa\u011flanmas\u0131 can ve mal g\u00fcvenli\u011fi a\u00e7\u0131s\u0131ndan \u00e7ok \u00f6nemlidir. Yal\u0131t\u0131m testleri temel olarak dieletrik","canonical_url":"https:\/\/pintest.com.tr\/index.php\/yalitim-izolasyon-direnci-olcumu\/","robots":"max-image-preview:large","keywords":"","webmasterTools":{"google-site-verification":"Q4QTclIfGhhdyEzlAb1wftEv3qRfz1KW5mq8eV4NCpQ","miscellaneous":""},"schema":{"@context":"https:\/\/schema.org","@graph":[{"@type":"BreadcrumbList","@id":"https:\/\/pintest.com.tr\/index.php\/yalitim-izolasyon-direnci-olcumu\/#breadcrumblist","itemListElement":[{"@type":"ListItem","@id":"https:\/\/pintest.com.tr#listItem","position":2,"name":"Ana sayfa","item":"https:\/\/pintest.com.tr","nextItem":{"@type":"ListItem","@id":"https:\/\/pintest.com.tr\/index.php\/yalitim-izolasyon-direnci-olcumu\/#listItem","name":"YALITIM (\u0130ZOLASYON) D\u0130RENC\u0130 \u00d6L\u00c7\u00dcM\u00dc"},"previousItem":{"@type":"ListItem","@id":"#listItem","name":"Pintest"}},{"@type":"ListItem","@id":"https:\/\/pintest.com.tr\/index.php\/yalitim-izolasyon-direnci-olcumu\/#listItem","position":3,"name":"YALITIM (\u0130ZOLASYON) D\u0130RENC\u0130 \u00d6L\u00c7\u00dcM\u00dc","previousItem":{"@type":"ListItem","@id":"https:\/\/pintest.com.tr#listItem","name":"Ana sayfa"}}]},{"@type":"Organization","@id":"https:\/\/pintest.com.tr\/#organization","name":"Pintest M\u00fchendislik P\u0130NTEST M\u00dcHEND\u0130SL\u0130K","description":"Uygunluk De\u011ferlendirme Kurulu\u015fu Firmam\u0131z, i\u015f d\u00fcnyas\u0131na att\u0131\u011f\u0131 ilk ad\u0131mlarla i\u015f sa\u011fl\u0131\u011f\u0131 ve g\u00fcvenli\u011fi alan\u0131nda uzman kadrosuyla \u00f6nemli bir yer edinmi\u015ftir. \u015eirketimiz faaliyette bulundu\u011fu periyodik kontrol\/muayene, Akustik rapor, i\u015f hijyeni ve \u00e7evresel g\u00fcr\u00fclt\u00fc \u00f6l\u00e7\u00fcmleri sekt\u00f6rde rol \u00fcstlenmektedir. Pintest M\u00fchendislik olarak, faaliyet g\u00f6sterdi\u011fimiz alanda deneyimli kadrolar\u0131m\u0131zla beraber kurdu\u011fumuz g\u00fcvenilir ili\u015fkilerimiz \u00e7er\u00e7evesinde faaliyetlerimizi verimli bir \u015fekilde y\u00fcr\u00fct\u00fcyoruz. Tercih edilir olmam\u0131zdaki en \u00f6nemli etken donan\u0131ml\u0131 ve yetkin insan kayna\u011f\u0131m\u0131zd\u0131r. \u0130nsan ya\u015fam\u0131n\u0131n de\u011ferini benimseyen ve bu do\u011frultuda sekt\u00f6rlerde gerekli kontrol ve analizleri ger\u00e7ekle\u015ftirerek sa\u011fl\u0131kl\u0131 ve g\u00fcvenilir \u00e7al\u0131\u015fma ortam\u0131 olu\u015fturmay\u0131 ama\u00e7l\u0131yoruz.","url":"https:\/\/pintest.com.tr\/","telephone":"+905057458845","logo":{"@type":"ImageObject","url":"https:\/\/pintest.com.tr\/wp-content\/uploads\/2023\/12\/Pintest-Logo-Ana.png","@id":"https:\/\/pintest.com.tr\/index.php\/yalitim-izolasyon-direnci-olcumu\/#organizationLogo","width":150,"height":113},"image":{"@id":"https:\/\/pintest.com.tr\/index.php\/yalitim-izolasyon-direnci-olcumu\/#organizationLogo"},"sameAs":["https:\/\/www.facebook.com\/profile.php?id=61572533822690","https:\/\/www.instagram.com\/pintest.uygunluk.degerlendirme\/","https:\/\/www.linkedin.com\/company\/101180367\/admin\/dashboard\/"]},{"@type":"WebPage","@id":"https:\/\/pintest.com.tr\/index.php\/yalitim-izolasyon-direnci-olcumu\/#webpage","url":"https:\/\/pintest.com.tr\/index.php\/yalitim-izolasyon-direnci-olcumu\/","name":"YALITIM (\u0130ZOLASYON) D\u0130RENC\u0130 \u00d6L\u00c7\u00dcM\u00dc - Pintest M\u00fchendislik","description":"Yal\u0131t\u0131m direnci \u00f6l\u00e7\u00fcm\u00fc, Pintest Uygunluk De\u011ferlendirme Kurulu\u015fu olarak taraf\u0131m\u0131zca yap\u0131lmaktad\u0131r. Elektrik tesislerinde yal\u0131t\u0131m, herhangi bir yal\u0131t\u0131m malzemesi kullan\u0131larak enerji ak\u0131\u015f\u0131n\u0131n k\u0131s\u0131tlanmas\u0131d\u0131r. Bir \u00e7al\u0131\u015fma ortam\u0131nda gerilim bulunan b\u00f6l\u00fcmler ile bulunmayan b\u00f6l\u00fcmler aras\u0131nda yal\u0131t\u0131m sa\u011flanmal\u0131d\u0131r. Aksi takdirde enerji bulunmamas\u0131 gereken temaslarda enerji bulunur. Yal\u0131t\u0131m\u0131n sa\u011flanmas\u0131 can ve mal g\u00fcvenli\u011fi a\u00e7\u0131s\u0131ndan \u00e7ok \u00f6nemlidir. Yal\u0131t\u0131m testleri temel olarak dieletrik","inLanguage":"tr-TR","isPartOf":{"@id":"https:\/\/pintest.com.tr\/#website"},"breadcrumb":{"@id":"https:\/\/pintest.com.tr\/index.php\/yalitim-izolasyon-direnci-olcumu\/#breadcrumblist"},"datePublished":"2023-12-16T16:46:55+03:00","dateModified":"2023-12-16T16:46:55+03:00"},{"@type":"WebSite","@id":"https:\/\/pintest.com.tr\/#website","url":"https:\/\/pintest.com.tr\/","name":"Pintest M\u00fchendislik","description":"Uygunluk De\u011ferlendirme Kurulu\u015fu","inLanguage":"tr-TR","publisher":{"@id":"https:\/\/pintest.com.tr\/#organization"}}]},"og:locale":"tr_TR","og:site_name":"Pintest M\u00fchendislik - Uygunluk De\u011ferlendirme Kurulu\u015fu","og:type":"article","og:title":"YALITIM (\u0130ZOLASYON) D\u0130RENC\u0130 \u00d6L\u00c7\u00dcM\u00dc - Pintest M\u00fchendislik","og:description":"Yal\u0131t\u0131m direnci \u00f6l\u00e7\u00fcm\u00fc, Pintest Uygunluk De\u011ferlendirme Kurulu\u015fu olarak taraf\u0131m\u0131zca yap\u0131lmaktad\u0131r. Elektrik tesislerinde yal\u0131t\u0131m, herhangi bir yal\u0131t\u0131m malzemesi kullan\u0131larak enerji ak\u0131\u015f\u0131n\u0131n k\u0131s\u0131tlanmas\u0131d\u0131r. Bir \u00e7al\u0131\u015fma ortam\u0131nda gerilim bulunan b\u00f6l\u00fcmler ile bulunmayan b\u00f6l\u00fcmler aras\u0131nda yal\u0131t\u0131m sa\u011flanmal\u0131d\u0131r. Aksi takdirde enerji bulunmamas\u0131 gereken temaslarda enerji bulunur. Yal\u0131t\u0131m\u0131n sa\u011flanmas\u0131 can ve mal g\u00fcvenli\u011fi a\u00e7\u0131s\u0131ndan \u00e7ok \u00f6nemlidir. Yal\u0131t\u0131m testleri temel olarak dieletrik","og:url":"https:\/\/pintest.com.tr\/index.php\/yalitim-izolasyon-direnci-olcumu\/","og:image":"https:\/\/pintest.com.tr\/wp-content\/uploads\/2023\/12\/cropped-Pintest-Favicon.webp","og:image:secure_url":"https:\/\/pintest.com.tr\/wp-content\/uploads\/2023\/12\/cropped-Pintest-Favicon.webp","og:image:width":512,"og:image:height":512,"article:published_time":"2023-12-16T13:46:55+00:00","article:modified_time":"2023-12-16T13:46:55+00:00","article:publisher":"https:\/\/www.facebook.com\/profile.php?id=61572533822690","twitter:card":"summary_large_image","twitter:title":"YALITIM (\u0130ZOLASYON) D\u0130RENC\u0130 \u00d6L\u00c7\u00dcM\u00dc - Pintest M\u00fchendislik","twitter:description":"Yal\u0131t\u0131m direnci \u00f6l\u00e7\u00fcm\u00fc, Pintest Uygunluk De\u011ferlendirme Kurulu\u015fu olarak taraf\u0131m\u0131zca yap\u0131lmaktad\u0131r. Elektrik tesislerinde yal\u0131t\u0131m, herhangi bir yal\u0131t\u0131m malzemesi kullan\u0131larak enerji ak\u0131\u015f\u0131n\u0131n k\u0131s\u0131tlanmas\u0131d\u0131r. Bir \u00e7al\u0131\u015fma ortam\u0131nda gerilim bulunan b\u00f6l\u00fcmler ile bulunmayan b\u00f6l\u00fcmler aras\u0131nda yal\u0131t\u0131m sa\u011flanmal\u0131d\u0131r. Aksi takdirde enerji bulunmamas\u0131 gereken temaslarda enerji bulunur. Yal\u0131t\u0131m\u0131n sa\u011flanmas\u0131 can ve mal g\u00fcvenli\u011fi a\u00e7\u0131s\u0131ndan \u00e7ok \u00f6nemlidir. Yal\u0131t\u0131m testleri temel olarak dieletrik","twitter:image":"https:\/\/pintest.com.tr\/wp-content\/uploads\/2023\/12\/cropped-Pintest-Favicon.webp"},"aioseo_meta_data":{"post_id":"1168","title":null,"description":null,"keywords":null,"keyphrases":null,"primary_term":null,"canonical_url":null,"og_title":null,"og_description":null,"og_object_type":"default","og_image_type":"default","og_image_url":null,"og_image_width":null,"og_image_height":null,"og_image_custom_url":null,"og_image_custom_fields":null,"og_video":null,"og_custom_url":null,"og_article_section":null,"og_article_tags":null,"twitter_use_og":false,"twitter_card":"default","twitter_image_type":"default","twitter_image_url":null,"twitter_image_custom_url":null,"twitter_image_custom_fields":null,"twitter_title":null,"twitter_description":null,"schema":{"blockGraphs":[],"customGraphs":[],"default":{"data":{"Article":[],"Course":[],"Dataset":[],"FAQPage":[],"Movie":[],"Person":[],"Product":[],"ProductReview":[],"Car":[],"Recipe":[],"Service":[],"SoftwareApplication":[],"WebPage":[]},"graphName":"","isEnabled":true},"graphs":[]},"schema_type":"default","schema_type_options":null,"pillar_content":false,"robots_default":true,"robots_noindex":false,"robots_noarchive":false,"robots_nosnippet":false,"robots_nofollow":false,"robots_noimageindex":false,"robots_noodp":false,"robots_notranslate":false,"robots_max_snippet":null,"robots_max_videopreview":null,"robots_max_imagepreview":"large","priority":null,"frequency":null,"local_seo":null,"seo_analyzer_scan_date":"2026-02-27 07:56:01","breadcrumb_settings":null,"limit_modified_date":false,"reviewed_by":null,"open_ai":null,"ai":null,"created":"2025-04-15 07:11:32","updated":"2026-02-27 09:15:53"},"aioseo_breadcrumb":"<div class=\"aioseo-breadcrumbs\"><span class=\"aioseo-breadcrumb\">\n\tPintest\n<\/span><span class=\"aioseo-breadcrumb-separator\">\u2192<\/span><span class=\"aioseo-breadcrumb\">\n\t<a href=\"https:\/\/pintest.com.tr\" title=\"Ana sayfa\">Ana sayfa<\/a>\n<\/span><span class=\"aioseo-breadcrumb-separator\">\u2192<\/span><span class=\"aioseo-breadcrumb\">\n\tYALITIM (\u0130ZOLASYON) D\u0130RENC\u0130 \u00d6L\u00c7\u00dcM\u00dc\n<\/span><\/div>","aioseo_breadcrumb_json":[{"label":"Pintest","link":""},{"label":"Ana sayfa","link":"https:\/\/pintest.com.tr"},{"label":"YALITIM (\u0130ZOLASYON) D\u0130RENC\u0130 \u00d6L\u00c7\u00dcM\u00dc","link":"https:\/\/pintest.com.tr\/index.php\/yalitim-izolasyon-direnci-olcumu\/"}],"_links":{"self":[{"href":"https:\/\/pintest.com.tr\/index.php\/wp-json\/wp\/v2\/pages\/1168","targetHints":{"allow":["GET"]}}],"collection":[{"href":"https:\/\/pintest.com.tr\/index.php\/wp-json\/wp\/v2\/pages"}],"about":[{"href":"https:\/\/pintest.com.tr\/index.php\/wp-json\/wp\/v2\/types\/page"}],"author":[{"embeddable":true,"href":"https:\/\/pintest.com.tr\/index.php\/wp-json\/wp\/v2\/users\/1"}],"replies":[{"embeddable":true,"href":"https:\/\/pintest.com.tr\/index.php\/wp-json\/wp\/v2\/comments?post=1168"}],"version-history":[{"count":1,"href":"https:\/\/pintest.com.tr\/index.php\/wp-json\/wp\/v2\/pages\/1168\/revisions"}],"predecessor-version":[{"id":1169,"href":"https:\/\/pintest.com.tr\/index.php\/wp-json\/wp\/v2\/pages\/1168\/revisions\/1169"}],"wp:attachment":[{"href":"https:\/\/pintest.com.tr\/index.php\/wp-json\/wp\/v2\/media?parent=1168"}],"curies":[{"name":"wp","href":"https:\/\/api.w.org\/{rel}","templated":true}]}}