{"id":1212,"date":"2023-12-24T20:43:48","date_gmt":"2023-12-24T17:43:48","guid":{"rendered":"https:\/\/pintest.com.tr\/?page_id=1212"},"modified":"2023-12-24T20:43:48","modified_gmt":"2023-12-24T17:43:48","slug":"is-makinalari","status":"publish","type":"page","link":"https:\/\/pintest.com.tr\/index.php\/is-makinalari\/","title":{"rendered":"\u0130\u015e MAK\u0130NALARI"},"content":{"rendered":"<div class=\"wpb-content-wrapper\"><p>[vc_row][vc_column][vc_column_text]<strong>\u0130\u015f Makinelerinin Periyodik Muayenesi<\/strong><\/p>\n<p>\u0130n\u015faat, madencilik, tar\u0131m ve bir\u00e7ok di\u011fer end\u00fcstri, i\u015f makineleri olmadan d\u00fc\u015f\u00fcn\u00fclemez. \u0130\u015f makineleri, projeleri h\u0131zland\u0131rmak, i\u015f verimlili\u011fini art\u0131rmak ve a\u011f\u0131r i\u015fleri kolayla\u015ft\u0131rmak i\u00e7in vazge\u00e7ilmez ara\u00e7lard\u0131r. Ancak, bu g\u00fc\u00e7l\u00fc makineler ayn\u0131 zamanda b\u00fcy\u00fck g\u00fcvenlik riskleri ta\u015f\u0131rlar. \u0130\u015f makinelerinin periyodik muayenesi, hem i\u015f\u00e7i g\u00fcvenli\u011fi hem de ekipman\u0131n uzun \u00f6m\u00fcrl\u00fcl\u00fc\u011f\u00fc a\u00e7\u0131s\u0131ndan kritik bir rol oynar.<\/p>\n<p><strong>\u0130\u015f Makinelerinin G\u00fcvenli Kullan\u0131m\u0131n\u0131n \u00d6nemi<\/strong><\/p>\n<p>\u0130\u015f makineleri, a\u011f\u0131r y\u00fckleri kald\u0131rmak, zemin kazmak, yap\u0131 malzemelerini ta\u015f\u0131mak ve daha bir\u00e7ok g\u00f6revi yerine getirmek i\u00e7in kullan\u0131l\u0131rlar. Ancak bu t\u00fcr makinelerin yanl\u0131\u015f kullan\u0131m\u0131 veya bak\u0131m eksikli\u011fi, ciddi kazalara yol a\u00e7abilir. \u0130\u015f\u00e7ilerin ve ekipman\u0131n g\u00fcvende olmas\u0131, i\u015f makinelerinin g\u00fcvenli bir \u015fekilde kullan\u0131lmas\u0131 ve d\u00fczenli muayenelerle sa\u011flan\u0131r.<\/p>\n<p><strong>Periyodik kontrole tabi i\u015f makinelerinin baz\u0131lar\u0131 \u015funlard\u0131r:<\/strong><\/p>\n<p>Sondaj makineleri, \u00e7ekici dozerler, y\u00fckleyiciler, kaz\u0131c\u0131 y\u00fckleyiciler, hidrolik kaz\u0131c\u0131lar, damperli kamyonlar, skreyperler, greyderler, boru d\u00f6\u015feyiciler, tren\u00e7erler, toprak ve \u00e7\u00f6p s\u0131k\u0131\u015ft\u0131r\u0131c\u0131lar, halatl\u0131 kaz\u0131c\u0131lar, yol d\u00fczeltme makinalar\u0131, zemin stabilize makinalar\u0131, zemin s\u0131k\u0131\u015ft\u0131rma makinalar\u0131, asfaltlama makinalar\u0131, beton ve har\u00e7 i\u00e7in ta\u015f\u0131ma-p\u00fcsk\u00fcrtme ve yerle\u015ftirme makinalar\u0131(beton pompas\u0131)<\/p>\n<p><strong>Periyodik Muayenelerin Rol\u00fc<\/strong><\/p>\n<p>\u0130\u015f makinelerinin periyodik muayeneleri, a\u015fa\u011f\u0131daki anahtar i\u015flevleri yerine getirir:<\/p>\n<p><strong>Erken Te\u015fhis:<\/strong> Periyodik muayeneler, olas\u0131 ar\u0131zalar\u0131 ve i\u015flevsizlikleri erken te\u015fhis eder. Bu, ciddi kazalar\u0131n ve ekipman hasarlar\u0131n\u0131n \u00f6nlenmesine yard\u0131mc\u0131 olur.<\/p>\n<p><strong>Bak\u0131m Planlamas\u0131:<\/strong> Muayene sonu\u00e7lar\u0131na dayanarak, gerekli bak\u0131m i\u015flemleri planlanabilir. Bu, i\u015f makinelerinin uzun vadeli kullan\u0131labilirli\u011fini sa\u011flar.<\/p>\n<p><strong>Uyumluluk:<\/strong> Periyodik muayeneler, i\u015fverenlerin ve i\u015f makineleri sahiplerinin yerel yasal d\u00fczenlemelere ve i\u015f g\u00fcvenli\u011fi standartlar\u0131na uygunlu\u011funu sa\u011flar.<\/p>\n<p><strong>G\u00fcvenlik E\u011fitimi<\/strong>: Muayeneler, i\u015f\u00e7ilere ekipman\u0131n g\u00fcvenli kullan\u0131m\u0131 ve muayene sonu\u00e7lar\u0131n\u0131n nas\u0131l yorumlanaca\u011f\u0131 konusunda e\u011fitim vermek i\u00e7in kullan\u0131labilir.<\/p>\n<p><strong>Periyodik Muayene S\u00fcreci<\/strong><\/p>\n<p><strong>G\u00f6rsel Muayene<\/strong>: \u0130\u015f makinesinin d\u0131\u015f g\u00f6r\u00fcn\u00fcm\u00fc ve temel i\u015flevselli\u011fi kontrol edilir. Bu, s\u0131z\u0131nt\u0131lar, \u00e7atlaklar, korozyon veya di\u011fer belirgin sorunlar\u0131n tespit edilmesine yard\u0131mc\u0131 olur.<\/p>\n<p><strong>Fonksiyonel Testler<\/strong>: \u0130\u015f makinesinin i\u015flevselli\u011fi test edilir. Bu, motor, hidrolik sistemler, kald\u0131rma ekipmanlar\u0131 ve di\u011fer bile\u015fenlerin d\u00fczg\u00fcn \u00e7al\u0131\u015ft\u0131\u011f\u0131ndan emin olur.<\/p>\n<p><strong>Belge Kontrol\u00fc:<\/strong> \u0130\u015f makinelerinin bak\u0131m ge\u00e7mi\u015fi ve periyodik muayene kay\u0131tlar\u0131 incelenir. Bu, makinelerin \u00f6nceki muayenelerden ge\u00e7ip ge\u00e7medi\u011fini ve gerekli bak\u0131m\u0131n yap\u0131ld\u0131\u011f\u0131n\u0131 belgelemeye yard\u0131mc\u0131 olur.<\/p>\n<p><strong>Muayene Raporu:<\/strong> Muayene sonu\u00e7lar\u0131 bir rapor halinde belgelenir. E\u011fer sorunlar tespit edilirse, bu rapor i\u015fverene iletilir ve gerekli d\u00fczeltmeler yap\u0131l\u0131r.<\/p>\n<p>\u0130\u015f makinelerinin periyodik muayeneleri, i\u015f\u00e7i g\u00fcvenli\u011fi, i\u015f verimlili\u011fi ve ekipman\u0131n uzun \u00f6m\u00fcrl\u00fcl\u00fc\u011f\u00fc a\u00e7\u0131s\u0131ndan kritik bir rol oynar. \u0130\u015fverenler ve i\u015f makineleri sahipleri, bu muayenelerin d\u00fczenli olarak yap\u0131lmas\u0131n\u0131 sa\u011flamal\u0131 ve i\u015f makinelerinin g\u00fcvenilir ve etkili bir \u015fekilde \u00e7al\u0131\u015fmas\u0131n\u0131 sa\u011flamak i\u00e7in gerekli \u00f6nlemleri almal\u0131d\u0131r. Ba\u015flamadan \u00f6nce, yerel d\u00fczenlemelere ve i\u015f g\u00fcvenli\u011fi standartlar\u0131na uygunlu\u011fu kontrol etmek her zaman \u00f6nemlidir. \u0130\u015f makinelerinin g\u00fcvenli kullan\u0131m\u0131, i\u015f\u00e7ilerin ve ekipman\u0131n g\u00fcvende oldu\u011fundan emin olman\u0131n anahtar\u0131d\u0131r.[\/vc_column_text][\/vc_column][\/vc_row]<\/p>\n<\/div>","protected":false},"excerpt":{"rendered":"<p>[vc_row][vc_column][vc_column_text]\u0130\u015f Makinelerinin Periyodik Muayenesi \u0130n\u015faat, madencilik, tar\u0131m ve bir\u00e7ok di\u011fer end\u00fcstri, i\u015f makineleri olmadan d\u00fc\u015f\u00fcn\u00fclemez. \u0130\u015f makineleri, projeleri h\u0131zland\u0131rmak, i\u015f verimlili\u011fini art\u0131rmak ve a\u011f\u0131r i\u015fleri kolayla\u015ft\u0131rmak i\u00e7in vazge\u00e7ilmez ara\u00e7lard\u0131r. Ancak, bu g\u00fc\u00e7l\u00fc makineler ayn\u0131 zamanda b\u00fcy\u00fck g\u00fcvenlik riskleri ta\u015f\u0131rlar. \u0130\u015f makinelerinin periyodik muayenesi, hem i\u015f\u00e7i g\u00fcvenli\u011fi hem de ekipman\u0131n uzun \u00f6m\u00fcrl\u00fcl\u00fc\u011f\u00fc a\u00e7\u0131s\u0131ndan kritik bir rol [&hellip;]<\/p>\n","protected":false},"author":1,"featured_media":0,"parent":0,"menu_order":0,"comment_status":"closed","ping_status":"closed","template":"","meta":{"om_disable_all_campaigns":false,"_monsterinsights_skip_tracking":false,"_monsterinsights_sitenote_active":false,"_monsterinsights_sitenote_note":"","_monsterinsights_sitenote_category":0,"footnotes":""},"class_list":["post-1212","page","type-page","status-publish","hentry"],"aioseo_notices":[],"aioseo_head":"\n\t\t<!-- All in One SEO Pro 4.9.6.2 - aioseo.com -->\n\t<meta name=\"description\" content=\"\u0130\u015f Makinelerinin Periyodik Muayenesi \u0130n\u015faat, madencilik, tar\u0131m ve bir\u00e7ok di\u011fer end\u00fcstri, i\u015f makineleri olmadan d\u00fc\u015f\u00fcn\u00fclemez. \u0130\u015f makineleri, projeleri h\u0131zland\u0131rmak, i\u015f verimlili\u011fini art\u0131rmak ve a\u011f\u0131r i\u015fleri kolayla\u015ft\u0131rmak i\u00e7in vazge\u00e7ilmez ara\u00e7lard\u0131r. Ancak, bu g\u00fc\u00e7l\u00fc makineler ayn\u0131 zamanda b\u00fcy\u00fck g\u00fcvenlik riskleri ta\u015f\u0131rlar. \u0130\u015f makinelerinin periyodik muayenesi, hem i\u015f\u00e7i g\u00fcvenli\u011fi hem de ekipman\u0131n uzun \u00f6m\u00fcrl\u00fcl\u00fc\u011f\u00fc a\u00e7\u0131s\u0131ndan kritik bir rol\" \/>\n\t<meta name=\"robots\" content=\"max-image-preview:large\" \/>\n\t<meta name=\"google-site-verification\" content=\"Q4QTclIfGhhdyEzlAb1wftEv3qRfz1KW5mq8eV4NCpQ\" \/>\n\t<link rel=\"canonical\" href=\"https:\/\/pintest.com.tr\/index.php\/is-makinalari\/\" \/>\n\t<meta name=\"generator\" content=\"All in One SEO Pro (AIOSEO) 4.9.6.2\" \/>\n\t\t<meta property=\"og:locale\" content=\"tr_TR\" \/>\n\t\t<meta property=\"og:site_name\" content=\"Pintest M\u00fchendislik - Uygunluk De\u011ferlendirme Kurulu\u015fu\" \/>\n\t\t<meta property=\"og:type\" content=\"article\" \/>\n\t\t<meta property=\"og:title\" content=\"\u0130\u015e MAK\u0130NALARI - Pintest M\u00fchendislik\" \/>\n\t\t<meta property=\"og:description\" content=\"\u0130\u015f Makinelerinin Periyodik Muayenesi \u0130n\u015faat, madencilik, tar\u0131m ve bir\u00e7ok di\u011fer end\u00fcstri, i\u015f makineleri olmadan d\u00fc\u015f\u00fcn\u00fclemez. \u0130\u015f makineleri, projeleri h\u0131zland\u0131rmak, i\u015f verimlili\u011fini art\u0131rmak ve a\u011f\u0131r i\u015fleri kolayla\u015ft\u0131rmak i\u00e7in vazge\u00e7ilmez ara\u00e7lard\u0131r. Ancak, bu g\u00fc\u00e7l\u00fc makineler ayn\u0131 zamanda b\u00fcy\u00fck g\u00fcvenlik riskleri ta\u015f\u0131rlar. \u0130\u015f makinelerinin periyodik muayenesi, hem i\u015f\u00e7i g\u00fcvenli\u011fi hem de ekipman\u0131n uzun \u00f6m\u00fcrl\u00fcl\u00fc\u011f\u00fc a\u00e7\u0131s\u0131ndan kritik bir rol\" \/>\n\t\t<meta property=\"og:url\" content=\"https:\/\/pintest.com.tr\/index.php\/is-makinalari\/\" \/>\n\t\t<meta property=\"og:image\" content=\"https:\/\/pintest.com.tr\/wp-content\/uploads\/2023\/12\/cropped-Pintest-Favicon.webp\" \/>\n\t\t<meta property=\"og:image:secure_url\" content=\"https:\/\/pintest.com.tr\/wp-content\/uploads\/2023\/12\/cropped-Pintest-Favicon.webp\" \/>\n\t\t<meta property=\"og:image:width\" content=\"512\" \/>\n\t\t<meta property=\"og:image:height\" content=\"512\" \/>\n\t\t<meta property=\"article:published_time\" content=\"2023-12-24T17:43:48+00:00\" \/>\n\t\t<meta property=\"article:modified_time\" content=\"2023-12-24T17:43:48+00:00\" \/>\n\t\t<meta property=\"article:publisher\" content=\"https:\/\/www.facebook.com\/profile.php?id=61572533822690\" \/>\n\t\t<meta name=\"twitter:card\" content=\"summary_large_image\" \/>\n\t\t<meta name=\"twitter:title\" content=\"\u0130\u015e MAK\u0130NALARI - Pintest M\u00fchendislik\" \/>\n\t\t<meta name=\"twitter:description\" content=\"\u0130\u015f Makinelerinin Periyodik Muayenesi \u0130n\u015faat, madencilik, tar\u0131m ve bir\u00e7ok di\u011fer end\u00fcstri, i\u015f makineleri olmadan d\u00fc\u015f\u00fcn\u00fclemez. \u0130\u015f makineleri, projeleri h\u0131zland\u0131rmak, i\u015f verimlili\u011fini art\u0131rmak ve a\u011f\u0131r i\u015fleri kolayla\u015ft\u0131rmak i\u00e7in vazge\u00e7ilmez ara\u00e7lard\u0131r. Ancak, bu g\u00fc\u00e7l\u00fc makineler ayn\u0131 zamanda b\u00fcy\u00fck g\u00fcvenlik riskleri ta\u015f\u0131rlar. \u0130\u015f makinelerinin periyodik muayenesi, hem i\u015f\u00e7i g\u00fcvenli\u011fi hem de ekipman\u0131n uzun \u00f6m\u00fcrl\u00fcl\u00fc\u011f\u00fc a\u00e7\u0131s\u0131ndan kritik bir rol\" \/>\n\t\t<meta name=\"twitter:image\" content=\"https:\/\/pintest.com.tr\/wp-content\/uploads\/2023\/12\/cropped-Pintest-Favicon.webp\" \/>\n\t\t<script type=\"application\/ld+json\" class=\"aioseo-schema\">\n\t\t\t{\"@context\":\"https:\\\/\\\/schema.org\",\"@graph\":[{\"@type\":\"BreadcrumbList\",\"@id\":\"https:\\\/\\\/pintest.com.tr\\\/index.php\\\/is-makinalari\\\/#breadcrumblist\",\"itemListElement\":[{\"@type\":\"ListItem\",\"@id\":\"https:\\\/\\\/pintest.com.tr#listItem\",\"position\":2,\"name\":\"Ana sayfa\",\"item\":\"https:\\\/\\\/pintest.com.tr\",\"nextItem\":{\"@type\":\"ListItem\",\"@id\":\"https:\\\/\\\/pintest.com.tr\\\/index.php\\\/is-makinalari\\\/#listItem\",\"name\":\"\\u0130\\u015e MAK\\u0130NALARI\"},\"previousItem\":{\"@type\":\"ListItem\",\"@id\":\"#listItem\",\"name\":\"Pintest\"}},{\"@type\":\"ListItem\",\"@id\":\"https:\\\/\\\/pintest.com.tr\\\/index.php\\\/is-makinalari\\\/#listItem\",\"position\":3,\"name\":\"\\u0130\\u015e MAK\\u0130NALARI\",\"previousItem\":{\"@type\":\"ListItem\",\"@id\":\"https:\\\/\\\/pintest.com.tr#listItem\",\"name\":\"Ana sayfa\"}}]},{\"@type\":\"Organization\",\"@id\":\"https:\\\/\\\/pintest.com.tr\\\/#organization\",\"name\":\"Pintest M\\u00fchendislik P\\u0130NTEST M\\u00dcHEND\\u0130SL\\u0130K\",\"description\":\"Uygunluk De\\u011ferlendirme Kurulu\\u015fu Firmam\\u0131z, i\\u015f d\\u00fcnyas\\u0131na att\\u0131\\u011f\\u0131 ilk ad\\u0131mlarla i\\u015f sa\\u011fl\\u0131\\u011f\\u0131 ve g\\u00fcvenli\\u011fi alan\\u0131nda uzman kadrosuyla \\u00f6nemli bir yer edinmi\\u015ftir. \\u015eirketimiz faaliyette bulundu\\u011fu periyodik kontrol\\\/muayene, Akustik rapor, i\\u015f hijyeni ve \\u00e7evresel g\\u00fcr\\u00fclt\\u00fc \\u00f6l\\u00e7\\u00fcmleri sekt\\u00f6rde rol \\u00fcstlenmektedir. Pintest M\\u00fchendislik olarak, faaliyet g\\u00f6sterdi\\u011fimiz alanda deneyimli kadrolar\\u0131m\\u0131zla beraber kurdu\\u011fumuz g\\u00fcvenilir ili\\u015fkilerimiz \\u00e7er\\u00e7evesinde faaliyetlerimizi verimli bir \\u015fekilde y\\u00fcr\\u00fct\\u00fcyoruz. Tercih edilir olmam\\u0131zdaki en \\u00f6nemli etken donan\\u0131ml\\u0131 ve yetkin insan kayna\\u011f\\u0131m\\u0131zd\\u0131r. \\u0130nsan ya\\u015fam\\u0131n\\u0131n de\\u011ferini benimseyen ve bu do\\u011frultuda sekt\\u00f6rlerde gerekli kontrol ve analizleri ger\\u00e7ekle\\u015ftirerek sa\\u011fl\\u0131kl\\u0131 ve g\\u00fcvenilir \\u00e7al\\u0131\\u015fma ortam\\u0131 olu\\u015fturmay\\u0131 ama\\u00e7l\\u0131yoruz.\",\"url\":\"https:\\\/\\\/pintest.com.tr\\\/\",\"telephone\":\"+905057458845\",\"logo\":{\"@type\":\"ImageObject\",\"url\":\"https:\\\/\\\/pintest.com.tr\\\/wp-content\\\/uploads\\\/2023\\\/12\\\/Pintest-Logo-Ana.png\",\"@id\":\"https:\\\/\\\/pintest.com.tr\\\/index.php\\\/is-makinalari\\\/#organizationLogo\",\"width\":150,\"height\":113},\"image\":{\"@id\":\"https:\\\/\\\/pintest.com.tr\\\/index.php\\\/is-makinalari\\\/#organizationLogo\"},\"sameAs\":[\"https:\\\/\\\/www.facebook.com\\\/profile.php?id=61572533822690\",\"https:\\\/\\\/www.instagram.com\\\/pintest.uygunluk.degerlendirme\\\/\",\"https:\\\/\\\/www.linkedin.com\\\/company\\\/101180367\\\/admin\\\/dashboard\\\/\"]},{\"@type\":\"WebPage\",\"@id\":\"https:\\\/\\\/pintest.com.tr\\\/index.php\\\/is-makinalari\\\/#webpage\",\"url\":\"https:\\\/\\\/pintest.com.tr\\\/index.php\\\/is-makinalari\\\/\",\"name\":\"\\u0130\\u015e MAK\\u0130NALARI - Pintest M\\u00fchendislik\",\"description\":\"\\u0130\\u015f Makinelerinin Periyodik Muayenesi \\u0130n\\u015faat, madencilik, tar\\u0131m ve bir\\u00e7ok di\\u011fer end\\u00fcstri, i\\u015f makineleri olmadan d\\u00fc\\u015f\\u00fcn\\u00fclemez. \\u0130\\u015f makineleri, projeleri h\\u0131zland\\u0131rmak, i\\u015f verimlili\\u011fini art\\u0131rmak ve a\\u011f\\u0131r i\\u015fleri kolayla\\u015ft\\u0131rmak i\\u00e7in vazge\\u00e7ilmez ara\\u00e7lard\\u0131r. Ancak, bu g\\u00fc\\u00e7l\\u00fc makineler ayn\\u0131 zamanda b\\u00fcy\\u00fck g\\u00fcvenlik riskleri ta\\u015f\\u0131rlar. \\u0130\\u015f makinelerinin periyodik muayenesi, hem i\\u015f\\u00e7i g\\u00fcvenli\\u011fi hem de ekipman\\u0131n uzun \\u00f6m\\u00fcrl\\u00fcl\\u00fc\\u011f\\u00fc a\\u00e7\\u0131s\\u0131ndan kritik bir rol\",\"inLanguage\":\"tr-TR\",\"isPartOf\":{\"@id\":\"https:\\\/\\\/pintest.com.tr\\\/#website\"},\"breadcrumb\":{\"@id\":\"https:\\\/\\\/pintest.com.tr\\\/index.php\\\/is-makinalari\\\/#breadcrumblist\"},\"datePublished\":\"2023-12-24T20:43:48+03:00\",\"dateModified\":\"2023-12-24T20:43:48+03:00\"},{\"@type\":\"WebSite\",\"@id\":\"https:\\\/\\\/pintest.com.tr\\\/#website\",\"url\":\"https:\\\/\\\/pintest.com.tr\\\/\",\"name\":\"Pintest M\\u00fchendislik\",\"description\":\"Uygunluk De\\u011ferlendirme Kurulu\\u015fu\",\"inLanguage\":\"tr-TR\",\"publisher\":{\"@id\":\"https:\\\/\\\/pintest.com.tr\\\/#organization\"}}]}\n\t\t<\/script>\n\t\t<!-- All in One SEO Pro -->\r\n\t\t<title>\u0130\u015e MAK\u0130NALARI - Pintest M\u00fchendislik<\/title>\n\n","aioseo_head_json":{"title":"\u0130\u015e MAK\u0130NALARI - Pintest M\u00fchendislik","description":"\u0130\u015f Makinelerinin Periyodik Muayenesi \u0130n\u015faat, madencilik, tar\u0131m ve bir\u00e7ok di\u011fer end\u00fcstri, i\u015f makineleri olmadan d\u00fc\u015f\u00fcn\u00fclemez. \u0130\u015f makineleri, projeleri h\u0131zland\u0131rmak, i\u015f verimlili\u011fini art\u0131rmak ve a\u011f\u0131r i\u015fleri kolayla\u015ft\u0131rmak i\u00e7in vazge\u00e7ilmez ara\u00e7lard\u0131r. Ancak, bu g\u00fc\u00e7l\u00fc makineler ayn\u0131 zamanda b\u00fcy\u00fck g\u00fcvenlik riskleri ta\u015f\u0131rlar. \u0130\u015f makinelerinin periyodik muayenesi, hem i\u015f\u00e7i g\u00fcvenli\u011fi hem de ekipman\u0131n uzun \u00f6m\u00fcrl\u00fcl\u00fc\u011f\u00fc a\u00e7\u0131s\u0131ndan kritik bir rol","canonical_url":"https:\/\/pintest.com.tr\/index.php\/is-makinalari\/","robots":"max-image-preview:large","keywords":"","webmasterTools":{"google-site-verification":"Q4QTclIfGhhdyEzlAb1wftEv3qRfz1KW5mq8eV4NCpQ","miscellaneous":""},"schema":{"@context":"https:\/\/schema.org","@graph":[{"@type":"BreadcrumbList","@id":"https:\/\/pintest.com.tr\/index.php\/is-makinalari\/#breadcrumblist","itemListElement":[{"@type":"ListItem","@id":"https:\/\/pintest.com.tr#listItem","position":2,"name":"Ana sayfa","item":"https:\/\/pintest.com.tr","nextItem":{"@type":"ListItem","@id":"https:\/\/pintest.com.tr\/index.php\/is-makinalari\/#listItem","name":"\u0130\u015e MAK\u0130NALARI"},"previousItem":{"@type":"ListItem","@id":"#listItem","name":"Pintest"}},{"@type":"ListItem","@id":"https:\/\/pintest.com.tr\/index.php\/is-makinalari\/#listItem","position":3,"name":"\u0130\u015e MAK\u0130NALARI","previousItem":{"@type":"ListItem","@id":"https:\/\/pintest.com.tr#listItem","name":"Ana sayfa"}}]},{"@type":"Organization","@id":"https:\/\/pintest.com.tr\/#organization","name":"Pintest M\u00fchendislik P\u0130NTEST M\u00dcHEND\u0130SL\u0130K","description":"Uygunluk De\u011ferlendirme Kurulu\u015fu Firmam\u0131z, i\u015f d\u00fcnyas\u0131na att\u0131\u011f\u0131 ilk ad\u0131mlarla i\u015f sa\u011fl\u0131\u011f\u0131 ve g\u00fcvenli\u011fi alan\u0131nda uzman kadrosuyla \u00f6nemli bir yer edinmi\u015ftir. \u015eirketimiz faaliyette bulundu\u011fu periyodik kontrol\/muayene, Akustik rapor, i\u015f hijyeni ve \u00e7evresel g\u00fcr\u00fclt\u00fc \u00f6l\u00e7\u00fcmleri sekt\u00f6rde rol \u00fcstlenmektedir. Pintest M\u00fchendislik olarak, faaliyet g\u00f6sterdi\u011fimiz alanda deneyimli kadrolar\u0131m\u0131zla beraber kurdu\u011fumuz g\u00fcvenilir ili\u015fkilerimiz \u00e7er\u00e7evesinde faaliyetlerimizi verimli bir \u015fekilde y\u00fcr\u00fct\u00fcyoruz. Tercih edilir olmam\u0131zdaki en \u00f6nemli etken donan\u0131ml\u0131 ve yetkin insan kayna\u011f\u0131m\u0131zd\u0131r. \u0130nsan ya\u015fam\u0131n\u0131n de\u011ferini benimseyen ve bu do\u011frultuda sekt\u00f6rlerde gerekli kontrol ve analizleri ger\u00e7ekle\u015ftirerek sa\u011fl\u0131kl\u0131 ve g\u00fcvenilir \u00e7al\u0131\u015fma ortam\u0131 olu\u015fturmay\u0131 ama\u00e7l\u0131yoruz.","url":"https:\/\/pintest.com.tr\/","telephone":"+905057458845","logo":{"@type":"ImageObject","url":"https:\/\/pintest.com.tr\/wp-content\/uploads\/2023\/12\/Pintest-Logo-Ana.png","@id":"https:\/\/pintest.com.tr\/index.php\/is-makinalari\/#organizationLogo","width":150,"height":113},"image":{"@id":"https:\/\/pintest.com.tr\/index.php\/is-makinalari\/#organizationLogo"},"sameAs":["https:\/\/www.facebook.com\/profile.php?id=61572533822690","https:\/\/www.instagram.com\/pintest.uygunluk.degerlendirme\/","https:\/\/www.linkedin.com\/company\/101180367\/admin\/dashboard\/"]},{"@type":"WebPage","@id":"https:\/\/pintest.com.tr\/index.php\/is-makinalari\/#webpage","url":"https:\/\/pintest.com.tr\/index.php\/is-makinalari\/","name":"\u0130\u015e MAK\u0130NALARI - Pintest M\u00fchendislik","description":"\u0130\u015f Makinelerinin Periyodik Muayenesi \u0130n\u015faat, madencilik, tar\u0131m ve bir\u00e7ok di\u011fer end\u00fcstri, i\u015f makineleri olmadan d\u00fc\u015f\u00fcn\u00fclemez. \u0130\u015f makineleri, projeleri h\u0131zland\u0131rmak, i\u015f verimlili\u011fini art\u0131rmak ve a\u011f\u0131r i\u015fleri kolayla\u015ft\u0131rmak i\u00e7in vazge\u00e7ilmez ara\u00e7lard\u0131r. Ancak, bu g\u00fc\u00e7l\u00fc makineler ayn\u0131 zamanda b\u00fcy\u00fck g\u00fcvenlik riskleri ta\u015f\u0131rlar. \u0130\u015f makinelerinin periyodik muayenesi, hem i\u015f\u00e7i g\u00fcvenli\u011fi hem de ekipman\u0131n uzun \u00f6m\u00fcrl\u00fcl\u00fc\u011f\u00fc a\u00e7\u0131s\u0131ndan kritik bir rol","inLanguage":"tr-TR","isPartOf":{"@id":"https:\/\/pintest.com.tr\/#website"},"breadcrumb":{"@id":"https:\/\/pintest.com.tr\/index.php\/is-makinalari\/#breadcrumblist"},"datePublished":"2023-12-24T20:43:48+03:00","dateModified":"2023-12-24T20:43:48+03:00"},{"@type":"WebSite","@id":"https:\/\/pintest.com.tr\/#website","url":"https:\/\/pintest.com.tr\/","name":"Pintest M\u00fchendislik","description":"Uygunluk De\u011ferlendirme Kurulu\u015fu","inLanguage":"tr-TR","publisher":{"@id":"https:\/\/pintest.com.tr\/#organization"}}]},"og:locale":"tr_TR","og:site_name":"Pintest M\u00fchendislik - Uygunluk De\u011ferlendirme Kurulu\u015fu","og:type":"article","og:title":"\u0130\u015e MAK\u0130NALARI - Pintest M\u00fchendislik","og:description":"\u0130\u015f Makinelerinin Periyodik Muayenesi \u0130n\u015faat, madencilik, tar\u0131m ve bir\u00e7ok di\u011fer end\u00fcstri, i\u015f makineleri olmadan d\u00fc\u015f\u00fcn\u00fclemez. \u0130\u015f makineleri, projeleri h\u0131zland\u0131rmak, i\u015f verimlili\u011fini art\u0131rmak ve a\u011f\u0131r i\u015fleri kolayla\u015ft\u0131rmak i\u00e7in vazge\u00e7ilmez ara\u00e7lard\u0131r. Ancak, bu g\u00fc\u00e7l\u00fc makineler ayn\u0131 zamanda b\u00fcy\u00fck g\u00fcvenlik riskleri ta\u015f\u0131rlar. \u0130\u015f makinelerinin periyodik muayenesi, hem i\u015f\u00e7i g\u00fcvenli\u011fi hem de ekipman\u0131n uzun \u00f6m\u00fcrl\u00fcl\u00fc\u011f\u00fc a\u00e7\u0131s\u0131ndan kritik bir rol","og:url":"https:\/\/pintest.com.tr\/index.php\/is-makinalari\/","og:image":"https:\/\/pintest.com.tr\/wp-content\/uploads\/2023\/12\/cropped-Pintest-Favicon.webp","og:image:secure_url":"https:\/\/pintest.com.tr\/wp-content\/uploads\/2023\/12\/cropped-Pintest-Favicon.webp","og:image:width":512,"og:image:height":512,"article:published_time":"2023-12-24T17:43:48+00:00","article:modified_time":"2023-12-24T17:43:48+00:00","article:publisher":"https:\/\/www.facebook.com\/profile.php?id=61572533822690","twitter:card":"summary_large_image","twitter:title":"\u0130\u015e MAK\u0130NALARI - Pintest M\u00fchendislik","twitter:description":"\u0130\u015f Makinelerinin Periyodik Muayenesi \u0130n\u015faat, madencilik, tar\u0131m ve bir\u00e7ok di\u011fer end\u00fcstri, i\u015f makineleri olmadan d\u00fc\u015f\u00fcn\u00fclemez. \u0130\u015f makineleri, projeleri h\u0131zland\u0131rmak, i\u015f verimlili\u011fini art\u0131rmak ve a\u011f\u0131r i\u015fleri kolayla\u015ft\u0131rmak i\u00e7in vazge\u00e7ilmez ara\u00e7lard\u0131r. Ancak, bu g\u00fc\u00e7l\u00fc makineler ayn\u0131 zamanda b\u00fcy\u00fck g\u00fcvenlik riskleri ta\u015f\u0131rlar. \u0130\u015f makinelerinin periyodik muayenesi, hem i\u015f\u00e7i g\u00fcvenli\u011fi hem de ekipman\u0131n uzun \u00f6m\u00fcrl\u00fcl\u00fc\u011f\u00fc a\u00e7\u0131s\u0131ndan kritik bir rol","twitter:image":"https:\/\/pintest.com.tr\/wp-content\/uploads\/2023\/12\/cropped-Pintest-Favicon.webp"},"aioseo_meta_data":{"post_id":"1212","title":null,"description":null,"keywords":null,"keyphrases":null,"primary_term":null,"canonical_url":null,"og_title":null,"og_description":null,"og_object_type":"default","og_image_type":"default","og_image_url":null,"og_image_width":null,"og_image_height":null,"og_image_custom_url":null,"og_image_custom_fields":null,"og_video":null,"og_custom_url":null,"og_article_section":null,"og_article_tags":null,"twitter_use_og":false,"twitter_card":"default","twitter_image_type":"default","twitter_image_url":null,"twitter_image_custom_url":null,"twitter_image_custom_fields":null,"twitter_title":null,"twitter_description":null,"schema":{"blockGraphs":[],"customGraphs":[],"default":{"data":{"Article":[],"Course":[],"Dataset":[],"FAQPage":[],"Movie":[],"Person":[],"Product":[],"ProductReview":[],"Car":[],"Recipe":[],"Service":[],"SoftwareApplication":[],"WebPage":[]},"graphName":"","isEnabled":true},"graphs":[]},"schema_type":"default","schema_type_options":null,"pillar_content":false,"robots_default":true,"robots_noindex":false,"robots_noarchive":false,"robots_nosnippet":false,"robots_nofollow":false,"robots_noimageindex":false,"robots_noodp":false,"robots_notranslate":false,"robots_max_snippet":null,"robots_max_videopreview":null,"robots_max_imagepreview":"large","priority":null,"frequency":null,"local_seo":null,"seo_analyzer_scan_date":"2026-02-27 08:06:47","breadcrumb_settings":null,"limit_modified_date":false,"reviewed_by":null,"open_ai":null,"ai":null,"created":"2025-04-15 07:12:32","updated":"2026-02-27 09:15:53"},"aioseo_breadcrumb":"<div class=\"aioseo-breadcrumbs\"><span class=\"aioseo-breadcrumb\">\n\tPintest\n<\/span><span class=\"aioseo-breadcrumb-separator\">\u2192<\/span><span class=\"aioseo-breadcrumb\">\n\t<a href=\"https:\/\/pintest.com.tr\" title=\"Ana sayfa\">Ana sayfa<\/a>\n<\/span><span class=\"aioseo-breadcrumb-separator\">\u2192<\/span><span class=\"aioseo-breadcrumb\">\n\t\u0130\u015e MAK\u0130NALARI\n<\/span><\/div>","aioseo_breadcrumb_json":[{"label":"Pintest","link":""},{"label":"Ana sayfa","link":"https:\/\/pintest.com.tr"},{"label":"\u0130\u015e MAK\u0130NALARI","link":"https:\/\/pintest.com.tr\/index.php\/is-makinalari\/"}],"_links":{"self":[{"href":"https:\/\/pintest.com.tr\/index.php\/wp-json\/wp\/v2\/pages\/1212","targetHints":{"allow":["GET"]}}],"collection":[{"href":"https:\/\/pintest.com.tr\/index.php\/wp-json\/wp\/v2\/pages"}],"about":[{"href":"https:\/\/pintest.com.tr\/index.php\/wp-json\/wp\/v2\/types\/page"}],"author":[{"embeddable":true,"href":"https:\/\/pintest.com.tr\/index.php\/wp-json\/wp\/v2\/users\/1"}],"replies":[{"embeddable":true,"href":"https:\/\/pintest.com.tr\/index.php\/wp-json\/wp\/v2\/comments?post=1212"}],"version-history":[{"count":1,"href":"https:\/\/pintest.com.tr\/index.php\/wp-json\/wp\/v2\/pages\/1212\/revisions"}],"predecessor-version":[{"id":1213,"href":"https:\/\/pintest.com.tr\/index.php\/wp-json\/wp\/v2\/pages\/1212\/revisions\/1213"}],"wp:attachment":[{"href":"https:\/\/pintest.com.tr\/index.php\/wp-json\/wp\/v2\/media?parent=1212"}],"curies":[{"name":"wp","href":"https:\/\/api.w.org\/{rel}","templated":true}]}}